{"id":25,"date":"2022-03-22T13:41:38","date_gmt":"2022-03-22T13:41:38","guid":{"rendered":"https:\/\/amtpfosh.es\/v-congreso-iberico\/?page_id=25"},"modified":"2022-11-03T14:38:14","modified_gmt":"2022-11-03T14:38:14","slug":"inscribete","status":"publish","type":"page","link":"https:\/\/amtpfosh.es\/v-congreso-iberico\/inscribete\/","title":{"rendered":"Inscr\u00edbete"},"content":{"rendered":"[vc_row type=\u00bbin_container\u00bb full_screen_row_position=\u00bbmiddle\u00bb scene_position=\u00bbcenter\u00bb text_color=\u00bbdark\u00bb text_align=\u00bbleft\u00bb overlay_strength=\u00bb0.3&#8243; shape_divider_position=\u00bbbottom\u00bb bg_image_animation=\u00bbnone\u00bb][vc_column column_padding=\u00bbno-extra-padding\u00bb column_padding_position=\u00bball\u00bb background_color_opacity=\u00bb1&#8243; background_hover_color_opacity=\u00bb1&#8243; column_link_target=\u00bb_self\u00bb column_shadow=\u00bbnone\u00bb column_border_radius=\u00bbnone\u00bb width=\u00bb1\/1&#8243; tablet_width_inherit=\u00bbdefault\u00bb tablet_text_alignment=\u00bbdefault\u00bb phone_text_alignment=\u00bbdefault\u00bb column_border_width=\u00bbnone\u00bb column_border_style=\u00bbsolid\u00bb bg_image_animation=\u00bbnone\u00bb][vc_custom_heading text=\u00bbInscr\u00edbete\u00bb font_container=\u00bbtag:h2|text_align:center|color:%23072e3f\u00bb use_theme_fonts=\u00bbyes\u00bb][\/vc_column][\/vc_row][vc_row type=\u00bbin_container\u00bb full_screen_row_position=\u00bbmiddle\u00bb bg_color=\u00bb#dbdbdb\u00bb scene_position=\u00bbcenter\u00bb text_color=\u00bbdark\u00bb text_align=\u00bbcenter\u00bb overlay_strength=\u00bb0.3&#8243; shape_divider_position=\u00bbbottom\u00bb bg_image_animation=\u00bbnone\u00bb shape_type=\u00bb\u00bb][vc_column column_padding=\u00bbno-extra-padding\u00bb column_padding_position=\u00bball\u00bb background_color_opacity=\u00bb1&#8243; background_hover_color_opacity=\u00bb1&#8243; column_link_target=\u00bb_self\u00bb column_shadow=\u00bbnone\u00bb column_border_radius=\u00bbnone\u00bb width=\u00bb1\/1&#8243; tablet_width_inherit=\u00bbdefault\u00bb tablet_text_alignment=\u00bbdefault\u00bb phone_text_alignment=\u00bbdefault\u00bb column_border_width=\u00bbnone\u00bb column_border_style=\u00bbsolid\u00bb bg_image_animation=\u00bbnone\u00bb][vc_raw_html css=\u00bb.vc_custom_1648544824800{padding-top: 30px !important;padding-right: 25px !important;padding-left: 25px !important;}\u00bb]JTNDcCUzRUVsJTIwQ29taXQlQzMlQTklMjBPcmdhbml6YWRvciUyMGhhJTIwZXN0YWJsZWNpZG8lMjBkaWZlcmVudGVzJTIwY3VvdGFzJTIwZW4lMjBmdW5jaSVDMyVCM24lMjBkZWwlMjBwZXJpb2RvJTIwZGUlMjBpbnNjcmlwY2klQzMlQjNuJTIweSUyMGRlbCUyMHBlcmZpbCUyMGRlJTIwbG9zJTIwcGFydGljaXBhbnRlcy4lMjBMYXMlMjBjdW90YXMlMjBlc3RhYmxlY2lkYXMlMjBzb24lMjBsYXMlMjBzaWd1aWVudGVzJTNBJTNDJTJGcCUzRSUwQSUzQ2hyJTNFJTBB[\/vc_raw_html][vc_custom_heading text=\u00bbModalidad presencial\u00bb font_container=\u00bbtag:h2|text_align:center|color:%23072e3f\u00bb use_theme_fonts=\u00bbyes\u00bb][vc_custom_heading text=\u00bbEl aforo del auditorio para este evento est\u00e1 completo, pero las plenarias se podr\u00e1n ver en una sala contigua en streaming.<br \/>\nEl resto del Congreso ser\u00e1 en vivo.\u00bb font_container=\u00bbtag:h4|text_align:center|color:%23072e3f\u00bb use_theme_fonts=\u00bbyes\u00bb][vc_row_inner equal_height=\u00bbyes\u00bb column_margin=\u00bbdefault\u00bb text_align=\u00bbleft\u00bb][vc_column_inner column_padding=\u00bbno-extra-padding\u00bb column_padding_position=\u00bball\u00bb background_color_opacity=\u00bb1&#8243; background_hover_color_opacity=\u00bb1&#8243; column_shadow=\u00bbnone\u00bb column_border_radius=\u00bbnone\u00bb column_link_target=\u00bb_self\u00bb width=\u00bb1\/2&#8243; tablet_width_inherit=\u00bbdefault\u00bb column_border_width=\u00bbnone\u00bb column_border_style=\u00bbsolid\u00bb bg_image_animation=\u00bbnone\u00bb][vc_raw_html css=\u00bb.vc_custom_1666883540875{padding-top: 30px !important;padding-right: 30px !important;padding-bottom: 30px !important;padding-left: 80px !important;}\u00bb]JTNDc3BhbiUyMHN0eWxlJTNEJTIydGV4dC1hbGlnbiUzQSUyMGxlZnQlMjFpbXBvcnRhbnQlMjIlM0UlMEElM0NwJTIwc3R5bGUlM0QlMjJjb2xvciUzQSUyMzA3MmUzZiUzQiUyMGZvbnQtd2VpZ2h0JTNBJTIwYm9sZCUzQiUyMiUzRSUzQ3N0cm9uZyUzRVNPQ0lPUyUzQSUzQyUyRnN0cm9uZyUzRSUyMHNlJTIwY29tcHJvYmFyJUMzJUExJTIwbGElMjBwZXJ0ZW5lbmNpYSUyMGElMjBsYSUyMEFNVFBGT1NIJTIwbyUyMEZFQVRGLiUyMCUzQyUyRnAlM0UlMEElMEElM0NwJTNFJTBBJTNDc3Ryb25nJTNFSW5zY3JpcGNpJUMzJUIzbiUyMFJlZHVjaWRhJTNBJTNDJTJGc3Ryb25nJTNFJTNDZGVsJTNFJTIwMjEwJUUyJTgyJUFDJTIwJTI4aGFzdGElMjBlbCUyMDEwJTIwZGUlMjBzZXB0aWVtYnJlJTIwMjAyMiUyOSUzQyUyRmRlbCUzRS4lM0NiciUzRSUwQSUzQ3N0cm9uZyUzRUluc2NyaXBjaSVDMyVCM24lMjBOb3JtYWwlM0ElM0MlMkZzdHJvbmclM0UlMjAyMzAlRTIlODIlQUMlMjAlMjhoYXN0YSUyMGVsJTIwOSUyMGRlJTIwbm92aWVtYnJlJTIwMjAyMiUyOS4lM0MlMkZwJTNFJTBBJTNDJTJGc3BhbiUzRQ==[\/vc_raw_html][nectar_btn size=\u00bblarge\u00bb button_style=\u00bbregular\u00bb button_color_2=\u00bbAccent-Color\u00bb icon_family=\u00bbnone\u00bb el_class=\u00bbcenter\u00bb url=\u00bb\/v-congreso-iberico\/inscripcion-del-evento\/\u00bb text=\u00bbInscr\u00edbete\u00bb margin_bottom=\u00bb40px\u00bb][\/vc_column_inner][vc_column_inner column_padding=\u00bbno-extra-padding\u00bb column_padding_position=\u00bball\u00bb background_color_opacity=\u00bb1&#8243; background_hover_color_opacity=\u00bb1&#8243; column_shadow=\u00bbnone\u00bb column_border_radius=\u00bbnone\u00bb column_link_target=\u00bb_self\u00bb width=\u00bb1\/2&#8243; tablet_width_inherit=\u00bbdefault\u00bb column_border_width=\u00bbnone\u00bb column_border_style=\u00bbsolid\u00bb bg_image_animation=\u00bbnone\u00bb][vc_raw_html css=\u00bb.vc_custom_1666883546506{padding-top: 30px !important;padding-right: 30px !important;padding-bottom: 30px !important;padding-left: 80px !important;}\u00bb]JTNDc3BhbiUyMHN0eWxlJTNEJTIydGV4dC1hbGlnbiUzQSUyMGxlZnQlMjFpbXBvcnRhbnQlMjIlM0UlMEElM0NwJTIwc3R5bGUlM0QlMjJjb2xvciUzQSUyMzA3MmUzZiUzQiUyMGZvbnQtd2VpZ2h0JTNBJTIwYm9sZCUzQiUyMiUzRSUzQ3N0cm9uZyUzRU5PJTIwU09DSU9TJTNBJTNDJTJGc3Ryb25nJTNFJTNDJTJGcCUzRSUwQSUwQSUzQ3AlM0UlMEElM0NzdHJvbmclM0VJbnNjcmlwY2klQzMlQjNuJTIwUmVkdWNpZGElM0ElM0MlMkZzdHJvbmclM0UlM0NkZWwlM0UlMjAyNTAlRTIlODIlQUMlMjAlMjhoYXN0YSUyMGVsJTIwMTAlMjBkZSUyMHNlcHRpZW1icmUlMjAyMDIyJTI5LiUzQyUyRmRlbCUzRSUzQ2JyJTNFJTBBJTNDc3Ryb25nJTNFSW5zY3JpcGNpJUMzJUIzbiUyME5vcm1hbCUzQSUzQyUyRnN0cm9uZyUzRSUyMDI3MCVFMiU4MiVBQyUyMCUyOGhhc3RhJTIwZWwlMjA5JTIwZGUlMjBub3ZpZW1icmUlMjAyMDIyJTI5LiUzQyUyRnAlM0UlMEElM0MlMkZzcGFuJTNF[\/vc_raw_html][nectar_btn size=\u00bblarge\u00bb button_style=\u00bbregular\u00bb button_color_2=\u00bbAccent-Color\u00bb icon_family=\u00bbnone\u00bb el_class=\u00bbcenter\u00bb url=\u00bb\/v-congreso-iberico\/inscripcion-del-evento\/\u00bb text=\u00bbInscr\u00edbete\u00bb margin_bottom=\u00bb40px\u00bb][\/vc_column_inner][\/vc_row_inner][\/vc_column][\/vc_row][vc_row type=\u00bbin_container\u00bb full_screen_row_position=\u00bbmiddle\u00bb bg_color=\u00bb#dbdbdb\u00bb scene_position=\u00bbcenter\u00bb text_color=\u00bbdark\u00bb text_align=\u00bbcenter\u00bb overlay_strength=\u00bb0.3&#8243; shape_divider_position=\u00bbbottom\u00bb bg_image_animation=\u00bbnone\u00bb shape_type=\u00bb\u00bb][vc_column column_padding=\u00bbno-extra-padding\u00bb column_padding_position=\u00bball\u00bb background_color_opacity=\u00bb1&#8243; background_hover_color_opacity=\u00bb1&#8243; column_link_target=\u00bb_self\u00bb column_shadow=\u00bbnone\u00bb column_border_radius=\u00bbnone\u00bb width=\u00bb1\/1&#8243; tablet_width_inherit=\u00bbdefault\u00bb tablet_text_alignment=\u00bbdefault\u00bb phone_text_alignment=\u00bbdefault\u00bb column_border_width=\u00bbnone\u00bb column_border_style=\u00bbsolid\u00bb bg_image_animation=\u00bbnone\u00bb][divider line_type=\u00bbNo Line\u00bb custom_height=\u00bb30&#8243;][vc_custom_heading text=\u00bbModalidad presencial<br \/>\n(Grupos)\u00bb font_container=\u00bbtag:h2|text_align:center|color:%23072e3f\u00bb use_theme_fonts=\u00bbyes\u00bb][vc_custom_heading text=\u00bbEl aforo del auditorio para este evento est\u00e1 completo, pero las plenarias se podr\u00e1n ver en una sala contigua en streaming.<br \/>\nEl resto del Congreso ser\u00e1 en vivo.\u00bb font_container=\u00bbtag:h4|text_align:center|color:%23072e3f\u00bb use_theme_fonts=\u00bbyes\u00bb][vc_row_inner equal_height=\u00bbyes\u00bb column_margin=\u00bbdefault\u00bb text_align=\u00bbleft\u00bb][vc_column_inner column_padding=\u00bbno-extra-padding\u00bb column_padding_position=\u00bball\u00bb background_color_opacity=\u00bb1&#8243; background_hover_color_opacity=\u00bb1&#8243; column_shadow=\u00bbnone\u00bb column_border_radius=\u00bbnone\u00bb column_link_target=\u00bb_self\u00bb width=\u00bb1\/2&#8243; tablet_width_inherit=\u00bbdefault\u00bb column_border_width=\u00bbnone\u00bb column_border_style=\u00bbsolid\u00bb bg_image_animation=\u00bbnone\u00bb][vc_raw_html css=\u00bb.vc_custom_1666883554290{padding-top: 30px !important;padding-right: 30px !important;padding-bottom: 30px !important;padding-left: 80px !important;}\u00bb]JTNDc3BhbiUyMHN0eWxlJTNEJTIydGV4dC1hbGlnbiUzQSUyMGxlZnQlMjFpbXBvcnRhbnQlMjIlM0UlMEElM0NwJTIwc3R5bGUlM0QlMjJjb2xvciUzQSUyMzA3MmUzZiUzQiUyMGZvbnQtd2VpZ2h0JTNBJTIwYm9sZCUzQiUyMiUzRSUzQ3N0cm9uZyUzRUdSVVBPUyUyMCUyOFNPQ0lPUyUyOSUzQSUzQyUyRnN0cm9uZyUzRSUyMGdydXBvJTIwZGUlMjBlbnRyZSUyMDglMjBhJTIwMTUlMjBwZXJzb25hcyUyQyUyMHNlJTIwY29tcHJvYmFyJUMzJUExJTIwbGElMjBwZXJ0ZW5lbmNpYSUyMGElMjBsYSUyMEFNVFBGT1NIJTIwbyUyMEZFQVRGLiUzQyUyRnAlM0UlMEElMEElM0NwJTNFJTBBJTNDc3Ryb25nJTNFSW5zY3JpcGNpJUMzJUIzbiUyMFJlZHVjaWRhJTNBJTNDJTJGc3Ryb25nJTNFJTNDZGVsJTNFJTIwMTg1JUUyJTgyJUFDJTIwJTI4aGFzdGElMjBlbCUyMDEwJTIwZGUlMjBzZXB0aWVtYnJlJTIwMjAyMiUyOS4lM0MlMkZkZWwlM0UlM0NiciUzRSUwQSUzQ3N0cm9uZyUzRUluc2NyaXBjaSVDMyVCM24lMjBOb3JtYWwlM0ElM0MlMkZzdHJvbmclM0UlMjAyMDUlRTIlODIlQUMlMjAlMjhoYXN0YSUyMGVsJTIwOSUyMGRlJTIwbm92aWVtYnJlJTIwMjAyMiUyOS4lM0MlMkZwJTNFJTBBJTNDJTJGc3BhbiUzRQ==[\/vc_raw_html][nectar_btn size=\u00bblarge\u00bb button_style=\u00bbregular\u00bb button_color_2=\u00bbAccent-Color\u00bb icon_family=\u00bbnone\u00bb el_class=\u00bbcenter\u00bb url=\u00bb\/v-congreso-iberico\/inscripcion-grupo\/\u00bb text=\u00bbInscr\u00edbete\u00bb margin_bottom=\u00bb40px\u00bb][\/vc_column_inner][vc_column_inner column_padding=\u00bbno-extra-padding\u00bb column_padding_position=\u00bball\u00bb background_color_opacity=\u00bb1&#8243; background_hover_color_opacity=\u00bb1&#8243; column_shadow=\u00bbnone\u00bb column_border_radius=\u00bbnone\u00bb column_link_target=\u00bb_self\u00bb width=\u00bb1\/2&#8243; tablet_width_inherit=\u00bbdefault\u00bb column_border_width=\u00bbnone\u00bb column_border_style=\u00bbsolid\u00bb bg_image_animation=\u00bbnone\u00bb][vc_raw_html css=\u00bb.vc_custom_1666883559858{padding-top: 30px !important;padding-right: 30px !important;padding-bottom: 30px !important;padding-left: 80px !important;}\u00bb]JTNDc3BhbiUyMHN0eWxlJTNEJTIydGV4dC1hbGlnbiUzQSUyMGxlZnQlMjFpbXBvcnRhbnQlMjIlM0UlMEElM0NwJTIwc3R5bGUlM0QlMjJjb2xvciUzQSUyMzA3MmUzZiUzQiUyMGZvbnQtd2VpZ2h0JTNBJTIwYm9sZCUzQiUyMiUzRSUzQ3N0cm9uZyUzRUdSVVBPUyUyMCUyOE5PJTIwU09DSU9TJTI5JTNBJTNDJTJGc3Ryb25nJTNFJTIwZ3J1cG8lMjBkZSUyMGVudHJlJTIwOCUyMGElMjAxNSUyMHBlcnNvbmFzLiUzQyUyRnAlM0UlMEElM0NiciUzRSUwQSUzQ3AlM0UlMEElM0NzdHJvbmclM0VJbnNjcmlwY2klQzMlQjNuJTIwUmVkdWNpZGElM0ElM0MlMkZzdHJvbmclM0UlM0NkZWwlM0UlMjAyMTAlRTIlODIlQUMlMjAlMjhoYXN0YSUyMGVsJTIwMTAlMjBkZSUyMHNlcHRpZW1icmUlMjAyMDIyJTI5LiUzQyUyRmRlbCUzRSUzQ2JyJTNFJTBBJTNDc3Ryb25nJTNFSW5zY3JpcGNpJUMzJUIzbiUyME5vcm1hbCUzQSUzQyUyRnN0cm9uZyUzRSUyMDIzMCVFMiU4MiVBQyUyMCUyOGhhc3RhJTIwZWwlMjA5JTIwZGUlMjBub3ZpZW1icmUlMjAyMDIyJTI5LiUzQyUyRnAlM0UlMEElM0MlMkZzcGFuJTNF[\/vc_raw_html][nectar_btn size=\u00bblarge\u00bb button_style=\u00bbregular\u00bb button_color_2=\u00bbAccent-Color\u00bb icon_family=\u00bbnone\u00bb el_class=\u00bbcenter\u00bb url=\u00bb\/v-congreso-iberico\/inscripcion-grupo-no-socios\/\u00bb text=\u00bbInscr\u00edbete\u00bb margin_bottom=\u00bb40px\u00bb][\/vc_column_inner][\/vc_row_inner][\/vc_column][\/vc_row][vc_row type=\u00bbin_container\u00bb full_screen_row_position=\u00bbmiddle\u00bb bg_color=\u00bb#dbdbdb\u00bb scene_position=\u00bbcenter\u00bb text_color=\u00bbdark\u00bb text_align=\u00bbcenter\u00bb overlay_strength=\u00bb0.3&#8243; shape_divider_position=\u00bbbottom\u00bb bg_image_animation=\u00bbnone\u00bb shape_type=\u00bb\u00bb][vc_column column_padding=\u00bbno-extra-padding\u00bb column_padding_position=\u00bball\u00bb background_color_opacity=\u00bb1&#8243; background_hover_color_opacity=\u00bb1&#8243; column_link_target=\u00bb_self\u00bb column_shadow=\u00bbnone\u00bb column_border_radius=\u00bbnone\u00bb width=\u00bb1\/1&#8243; tablet_width_inherit=\u00bbdefault\u00bb tablet_text_alignment=\u00bbdefault\u00bb phone_text_alignment=\u00bbdefault\u00bb column_border_width=\u00bbnone\u00bb column_border_style=\u00bbsolid\u00bb bg_image_animation=\u00bbnone\u00bb][divider line_type=\u00bbNo Line\u00bb custom_height=\u00bb30&#8243;][vc_custom_heading text=\u00bbModalidad Online\u00bb font_container=\u00bbtag:h2|text_align:center|color:%23072e3f\u00bb use_theme_fonts=\u00bbyes\u00bb][vc_row_inner equal_height=\u00bbyes\u00bb column_margin=\u00bbdefault\u00bb text_align=\u00bbleft\u00bb][vc_column_inner column_padding=\u00bbno-extra-padding\u00bb column_padding_position=\u00bball\u00bb background_color_opacity=\u00bb1&#8243; background_hover_color_opacity=\u00bb1&#8243; column_shadow=\u00bbnone\u00bb column_border_radius=\u00bbnone\u00bb column_link_target=\u00bb_self\u00bb width=\u00bb1\/2&#8243; tablet_width_inherit=\u00bbdefault\u00bb column_border_width=\u00bbnone\u00bb column_border_style=\u00bbsolid\u00bb bg_image_animation=\u00bbnone\u00bb][vc_raw_html css=\u00bb.vc_custom_1666883567986{padding-top: 30px !important;padding-right: 30px !important;padding-bottom: 30px !important;padding-left: 80px !important;}\u00bb]JTNDc3BhbiUyMHN0eWxlJTNEJTIydGV4dC1hbGlnbiUzQSUyMGxlZnQlMjFpbXBvcnRhbnQlMjIlM0UlMEElM0NwJTIwc3R5bGUlM0QlMjJjb2xvciUzQSUyMzA3MmUzZiUzQiUyMGZvbnQtd2VpZ2h0JTNBJTIwYm9sZCUzQiUyMiUzRSUzQ3N0cm9uZyUzRVNPQ0lPUyUzQSUzQyUyRnN0cm9uZyUzRSUyMHNlJTIwY29tcHJvYmFyJUMzJUExJTIwbGElMjBwZXJ0ZW5lbmNpYSUyMGElMjBsYSUyMEFNVFBGT1NIJTIwbyUyMEZFQVRGLiUyMCUzQyUyRnAlM0UlMEElMEElM0NwJTNFJTNDc3Ryb25nJTNFSW5zY3JpcGNpJUMzJUIzbiUyMFJlZHVjaWRhJTNBJTNDJTJGc3Ryb25nJTNFJTNDZGVsJTNFJTIwMTAwJUUyJTgyJUFDJTIwJTI4aGFzdGElMjBlbCUyMDEwJTIwZGUlMjBzZXB0aWVtYnJlJTIwMjAyMiUyOS4lM0MlMkZkZWwlM0UlM0NiciUzRSUwQSUzQ3N0cm9uZyUzRUluc2NyaXBjaSVDMyVCM24lMjBOb3JtYWwlM0ElM0MlMkZzdHJvbmclM0UlMjAxMzAlRTIlODIlQUMlMjAlMjhoYXN0YSUyMGVsJTIwOSUyMGRlJTIwbm92aWVtYnJlJTIwMjAyMiUyOS4lM0MlMkZwJTNFJTBBJTNDJTJGc3BhbiUzRQ==[\/vc_raw_html][nectar_btn size=\u00bblarge\u00bb button_style=\u00bbregular\u00bb button_color_2=\u00bbAccent-Color\u00bb icon_family=\u00bbnone\u00bb el_class=\u00bbcenter\u00bb url=\u00bb\/v-congreso-iberico\/inscripcion-del-evento-modalidad-online\/\u00bb text=\u00bbInscr\u00edbete\u00bb margin_bottom=\u00bb40px\u00bb][\/vc_column_inner][vc_column_inner column_padding=\u00bbno-extra-padding\u00bb column_padding_position=\u00bball\u00bb background_color_opacity=\u00bb1&#8243; background_hover_color_opacity=\u00bb1&#8243; column_shadow=\u00bbnone\u00bb column_border_radius=\u00bbnone\u00bb column_link_target=\u00bb_self\u00bb width=\u00bb1\/2&#8243; tablet_width_inherit=\u00bbdefault\u00bb column_border_width=\u00bbnone\u00bb column_border_style=\u00bbsolid\u00bb bg_image_animation=\u00bbnone\u00bb][vc_raw_html css=\u00bb.vc_custom_1666883573731{padding-top: 30px !important;padding-right: 30px !important;padding-bottom: 30px !important;padding-left: 80px !important;}\u00bb]JTNDc3BhbiUyMHN0eWxlJTNEJTIydGV4dC1hbGlnbiUzQSUyMGxlZnQlMjFpbXBvcnRhbnQlMjIlM0UlMEElM0NwJTIwc3R5bGUlM0QlMjJjb2xvciUzQSUyMzA3MmUzZiUzQiUyMGZvbnQtd2VpZ2h0JTNBJTIwYm9sZCUzQiUyMiUzRSUzQ3N0cm9uZyUzRU5PJTIwU09DSU9TJTNBJTNDJTJGc3Ryb25nJTNFJTNDJTJGcCUzRSUwQSUwQSUzQ3AlM0UlM0NzdHJvbmclM0VJbnNjcmlwY2klQzMlQjNuJTIwUmVkdWNpZGElM0ElM0MlMkZzdHJvbmclM0UlM0NkZWwlM0UlMjAxNDAlRTIlODIlQUMlMjAlMjhoYXN0YSUyMGVsJTIwMTAlMjBkZSUyMHNlcHRpZW1icmUlMjAyMDIyJTI5LiUzQyUyRmRlbCUzRSUzQ2JyJTNFJTBBJTNDc3Ryb25nJTNFSW5zY3JpcGNpJUMzJUIzbiUyME5vcm1hbCUzQSUzQyUyRnN0cm9uZyUzRSUyMDE3MCVFMiU4MiVBQyUyMCUyOGhhc3RhJTIwZWwlMjA5JTIwZGUlMjBub3ZpZW1icmUlMjAyMDIyJTI5LiUzQyUyRnAlM0UlMEElM0MlMkZzcGFuJTNF[\/vc_raw_html][nectar_btn size=\u00bblarge\u00bb button_style=\u00bbregular\u00bb button_color_2=\u00bbAccent-Color\u00bb icon_family=\u00bbnone\u00bb el_class=\u00bbcenter\u00bb url=\u00bb\/v-congreso-iberico\/inscripcion-del-evento-modalidad-online\/\u00bb text=\u00bbInscr\u00edbete\u00bb margin_bottom=\u00bb40px\u00bb][\/vc_column_inner][\/vc_row_inner][vc_raw_html css=\u00bb.vc_custom_1666883762460{padding-top: 30px !important;padding-right: 30px !important;padding-bottom: 30px !important;padding-left: 80px !important;}\u00bb]JTNDc3BhbiUyMHN0eWxlJTNEJTIydGV4dC1hbGlnbiUzQSUyMGNlbnRlciUyMWltcG9ydGFudCUyMiUzRSUwQSUzQ3AlMjBzdHlsZSUzRCUyMmNvbG9yJTNBJTIzMDcyZTNmJTNCJTIwZm9udC13ZWlnaHQlM0ElMjBib2xkJTNCJTIyJTNFJTNDc3Ryb25nJTNFRW50aWRhZGVzJTIwY29uJTIwY29udmVuaW8lM0ElM0MlMkZzdHJvbmclM0UlMjBzZSUyMGNvbXByb2JhciVDMyVBMSUyMGVsJTIwY29udmVuaW8uJTIwJTNDJTJGcCUzRSUwQSUzQ3AlM0UlM0NzdHJvbmclM0VJbnNjcmlwY2klQzMlQjNuJTIwbm9ybWFsJTIwcGFyYSUyMG1pZW1icm9zJTIwZGUlMjBlbnRpZGFkZXMlMjBjb24lMjBjb252ZW5pbyUzQSUzQyUyRnN0cm9uZyUzRSUyMDE1MyVFMiU4MiVBQyUyMCUyOGhhc3RhJTIwZWwlMjA5JTIwZGUlMjBub3ZpZW1icmUlMjAyMDIyJTI5LiUzQyUyRnAlM0UlMEElM0MlMkZzcGFuJTNFJTBBJTBB[\/vc_raw_html][nectar_btn size=\u00bblarge\u00bb button_style=\u00bbregular\u00bb button_color_2=\u00bbAccent-Color\u00bb icon_family=\u00bbnone\u00bb el_class=\u00bbcenter\u00bb url=\u00bb\/v-congreso-iberico\/inscripcion-del-evento-modalidad-online\/\u00bb text=\u00bbInscr\u00edbete\u00bb margin_bottom=\u00bb40px\u00bb][\/vc_column][\/vc_row][vc_row type=\u00bbin_container\u00bb full_screen_row_position=\u00bbmiddle\u00bb bg_color=\u00bb#dbdbdb\u00bb scene_position=\u00bbcenter\u00bb text_color=\u00bbdark\u00bb text_align=\u00bbcenter\u00bb overlay_strength=\u00bb0.3&#8243; shape_divider_position=\u00bbbottom\u00bb bg_image_animation=\u00bbnone\u00bb shape_type=\u00bb\u00bb][vc_column column_padding=\u00bbno-extra-padding\u00bb column_padding_position=\u00bball\u00bb background_color_opacity=\u00bb1&#8243; background_hover_color_opacity=\u00bb1&#8243; column_link_target=\u00bb_self\u00bb column_shadow=\u00bbnone\u00bb column_border_radius=\u00bbnone\u00bb width=\u00bb1\/1&#8243; tablet_width_inherit=\u00bbdefault\u00bb tablet_text_alignment=\u00bbdefault\u00bb phone_text_alignment=\u00bbdefault\u00bb column_border_width=\u00bbnone\u00bb column_border_style=\u00bbsolid\u00bb bg_image_animation=\u00bbnone\u00bb][divider line_type=\u00bbNo Line\u00bb custom_height=\u00bb30&#8243;][vc_custom_heading text=\u00bbCena &#8211; Viernes 11 de noviembre\u00bb font_container=\u00bbtag:h2|text_align:center|color:%23072e3f\u00bb use_theme_fonts=\u00bbyes\u00bb][vc_raw_html css=\u00bb.vc_custom_1666943291237{padding-top: 30px !important;padding-right: 30px !important;padding-bottom: 30px !important;padding-left: 80px !important;}\u00bb]JTNDc3BhbiUyMHN0eWxlJTNEJTIydGV4dC1hbGlnbiUzQSUyMGNlbnRlciUyMWltcG9ydGFudCUyMiUzRSUwQSUzQ3AlMjBzdHlsZSUzRCUyMmNvbG9yJTNBJTIzMDcyZTNmJTNCJTIyJTNFJTNDc3Ryb25nJTNFQkFMJUMzJTlBJTNDJTJGc3Ryb25nJTNFJTNDYnIlM0VDLiUyMGRlJTIwSm9zJUMzJUE5JTIwQmFyZGFzYW5vJTIwQmFvcyUyQyUyMDklMkMlMjAyODAxNiUyME1hZHJpZCUzQ2JyJTNFSG9yYSUyMGRlJTIwMjElM0EzMCUyMGElMjAyJTNBMDAlMjBBTSUyMCUyRiUyMHByZWNpbyUyMHBvciUyMHBlcnNvbmElMjA0MCVFMiU4MiVBQyUzQyUyRnAlM0UlMEElM0NwJTNFRGVzY2FyZ2ElMjBlbCUyMG1lbiVDMyVCQSUyMGhhY2llbmRvJTIwY2xpYyUyMGVuJTIwZWwlMjBzaWd1aWVudGUlMjBib3QlQzMlQjNuJTIweSUyMGFwJUMzJUJBbnRhdGUlMjBhJTIwbGElMjBjZW5hJTIwZW4lMjBlbCUyMFJlc3RhdXJhbnRlJTIwQmFsJUMzJUJBJTIwZW4lMjBNYWRyaWQlMjBwYXJhJTIwZWwlMjBkJUMzJUFEYSUyMDExJTIwZGUlMjBub3ZpZW1icmUuJTNDJTJGcCUzRSUwQSUzQyUyRnNwYW4lM0UlMEElMEE=[\/vc_raw_html][vc_row_inner equal_height=\u00bbyes\u00bb column_margin=\u00bbdefault\u00bb text_align=\u00bbleft\u00bb][vc_column_inner column_padding=\u00bbno-extra-padding\u00bb column_padding_position=\u00bball\u00bb background_color_opacity=\u00bb1&#8243; background_hover_color_opacity=\u00bb1&#8243; column_shadow=\u00bbnone\u00bb column_border_radius=\u00bbnone\u00bb column_link_target=\u00bb_self\u00bb width=\u00bb1\/2&#8243; tablet_width_inherit=\u00bbdefault\u00bb column_border_width=\u00bbnone\u00bb column_border_style=\u00bbsolid\u00bb bg_image_animation=\u00bbnone\u00bb][nectar_btn size=\u00bblarge\u00bb button_style=\u00bbregular\u00bb button_color_2=\u00bbAccent-Color\u00bb icon_family=\u00bbnone\u00bb el_class=\u00bbcenter\u00bb url=\u00bb\/v-congreso-iberico\/inscripcion-cena-balu\/\u00bb text=\u00bbInscr\u00edbete\u00bb margin_bottom=\u00bb40px\u00bb][\/vc_column_inner][vc_column_inner column_padding=\u00bbno-extra-padding\u00bb column_padding_position=\u00bball\u00bb background_color_opacity=\u00bb1&#8243; background_hover_color_opacity=\u00bb1&#8243; column_shadow=\u00bbnone\u00bb column_border_radius=\u00bbnone\u00bb column_link_target=\u00bb_self\u00bb width=\u00bb1\/2&#8243; tablet_width_inherit=\u00bbdefault\u00bb column_border_width=\u00bbnone\u00bb column_border_style=\u00bbsolid\u00bb bg_image_animation=\u00bbnone\u00bb][nectar_btn size=\u00bblarge\u00bb open_new_tab=\u00bbtrue\u00bb button_style=\u00bbregular\u00bb button_color_2=\u00bbAccent-Color\u00bb icon_family=\u00bbnone\u00bb el_class=\u00bbcenter\u00bb url=\u00bb\/v-congreso-iberico\/wp-content\/uploads\/2022\/10\/RESTAURANTE_BALU-MENU_CENA_11_DE_NOVIEMBRE.pdf\u00bb text=\u00bbDescargar Men\u00fa\u00bb margin_bottom=\u00bb40px\u00bb][\/vc_column_inner][\/vc_row_inner][\/vc_column][\/vc_row][vc_row type=\u00bbin_container\u00bb full_screen_row_position=\u00bbmiddle\u00bb bg_color=\u00bb#cccccc\u00bb scene_position=\u00bbcenter\u00bb text_color=\u00bbdark\u00bb text_align=\u00bbcenter\u00bb overlay_strength=\u00bb0.3&#8243; shape_divider_position=\u00bbbottom\u00bb bg_image_animation=\u00bbnone\u00bb shape_type=\u00bb\u00bb][vc_column column_padding=\u00bbno-extra-padding\u00bb column_padding_position=\u00bball\u00bb background_color_opacity=\u00bb1&#8243; background_hover_color_opacity=\u00bb1&#8243; column_link_target=\u00bb_self\u00bb column_shadow=\u00bbnone\u00bb column_border_radius=\u00bbnone\u00bb width=\u00bb1\/1&#8243; tablet_width_inherit=\u00bbdefault\u00bb tablet_text_alignment=\u00bbdefault\u00bb phone_text_alignment=\u00bbdefault\u00bb column_border_width=\u00bbnone\u00bb column_border_style=\u00bbsolid\u00bb bg_image_animation=\u00bbnone\u00bb][divider line_type=\u00bbNo Line\u00bb custom_height=\u00bb20&#8243;][vc_column_text]Descargue aqu\u00ed las tarifas y condiciones de inscripci\u00f3n del V Congreso Ib\u00e9rico Familias en el siglo XXI. XLI Congreso FEATF.[\/vc_column_text][nectar_btn size=\u00bblarge\u00bb open_new_tab=\u00bbtrue\u00bb button_style=\u00bbregular\u00bb button_color_2=\u00bbAccent-Color\u00bb icon_family=\u00bbnone\u00bb url=\u00bbhttps:\/\/amtpfosh.es\/v-congreso-iberico\/wp-content\/uploads\/2022\/11\/TARIFAS-FINALES.pdf\u00bb text=\u00bbDescargar tarifas y condiciones\u00bb margin_bottom=\u00bb10&#8243;][divider line_type=\u00bbNo Line\u00bb custom_height=\u00bb20&#8243;][\/vc_column][\/vc_row]\n","protected":false},"excerpt":{"rendered":"<p>[vc_row type=\u00bbin_container\u00bb full_screen_row_position=\u00bbmiddle\u00bb scene_position=\u00bbcenter\u00bb text_color=\u00bbdark\u00bb text_align=\u00bbleft\u00bb overlay_strength=\u00bb0.3&#8243; shape_divider_position=\u00bbbottom\u00bb bg_image_animation=\u00bbnone\u00bb][vc_column column_padding=\u00bbno-extra-padding\u00bb column_padding_position=\u00bball\u00bb background_color_opacity=\u00bb1&#8243; background_hover_color_opacity=\u00bb1&#8243; column_link_target=\u00bb_self\u00bb column_shadow=\u00bbnone\u00bb column_border_radius=\u00bbnone\u00bb width=\u00bb1\/1&#8243; tablet_width_inherit=\u00bbdefault\u00bb tablet_text_alignment=\u00bbdefault\u00bb phone_text_alignment=\u00bbdefault\u00bb column_border_width=\u00bbnone\u00bb column_border_style=\u00bbsolid\u00bb bg_image_animation=\u00bbnone\u00bb][vc_custom_heading text=\u00bbInscr\u00edbete\u00bb font_container=\u00bbtag:h2|text_align:center|color:%23072e3f\u00bb use_theme_fonts=\u00bbyes\u00bb][\/vc_column][\/vc_row][vc_row type=\u00bbin_container\u00bb full_screen_row_position=\u00bbmiddle\u00bb bg_color=\u00bb#dbdbdb\u00bb scene_position=\u00bbcenter\u00bb&#8230;<\/p>\n","protected":false},"author":3,"featured_media":0,"parent":0,"menu_order":0,"comment_status":"closed","ping_status":"closed","template":"","meta":{"footnotes":""},"class_list":["post-25","page","type-page","status-publish"],"_links":{"self":[{"href":"https:\/\/amtpfosh.es\/v-congreso-iberico\/wp-json\/wp\/v2\/pages\/25","targetHints":{"allow":["GET"]}}],"collection":[{"href":"https:\/\/amtpfosh.es\/v-congreso-iberico\/wp-json\/wp\/v2\/pages"}],"about":[{"href":"https:\/\/amtpfosh.es\/v-congreso-iberico\/wp-json\/wp\/v2\/types\/page"}],"author":[{"embeddable":true,"href":"https:\/\/amtpfosh.es\/v-congreso-iberico\/wp-json\/wp\/v2\/users\/3"}],"replies":[{"embeddable":true,"href":"https:\/\/amtpfosh.es\/v-congreso-iberico\/wp-json\/wp\/v2\/comments?post=25"}],"version-history":[{"count":70,"href":"https:\/\/amtpfosh.es\/v-congreso-iberico\/wp-json\/wp\/v2\/pages\/25\/revisions"}],"predecessor-version":[{"id":584,"href":"https:\/\/amtpfosh.es\/v-congreso-iberico\/wp-json\/wp\/v2\/pages\/25\/revisions\/584"}],"wp:attachment":[{"href":"https:\/\/amtpfosh.es\/v-congreso-iberico\/wp-json\/wp\/v2\/media?parent=25"}],"curies":[{"name":"wp","href":"https:\/\/api.w.org\/{rel}","templated":true}]}}