{"id":27,"date":"2022-03-22T13:41:53","date_gmt":"2022-03-22T13:41:53","guid":{"rendered":"https:\/\/amtpfosh.es\/v-congreso-iberico\/?page_id=27"},"modified":"2022-10-18T15:40:01","modified_gmt":"2022-10-18T15:40:01","slug":"contacto","status":"publish","type":"page","link":"https:\/\/amtpfosh.es\/v-congreso-iberico\/contacto\/","title":{"rendered":"Contacto"},"content":{"rendered":"[vc_row type=\u00bbin_container\u00bb full_screen_row_position=\u00bbmiddle\u00bb scene_position=\u00bbcenter\u00bb text_color=\u00bbdark\u00bb text_align=\u00bbleft\u00bb overlay_strength=\u00bb0.3&#8243; shape_divider_position=\u00bbbottom\u00bb bg_image_animation=\u00bbnone\u00bb][vc_column column_padding=\u00bbno-extra-padding\u00bb column_padding_position=\u00bball\u00bb background_color_opacity=\u00bb1&#8243; background_hover_color_opacity=\u00bb1&#8243; column_link_target=\u00bb_self\u00bb column_shadow=\u00bbnone\u00bb column_border_radius=\u00bbnone\u00bb width=\u00bb1\/2&#8243; tablet_width_inherit=\u00bbdefault\u00bb tablet_text_alignment=\u00bbdefault\u00bb phone_text_alignment=\u00bbdefault\u00bb column_border_width=\u00bbnone\u00bb column_border_style=\u00bbsolid\u00bb bg_image_animation=\u00bbnone\u00bb][vc_custom_heading text=\u00bbContacto\u00bb font_container=\u00bbtag:h2|text_align:left|color:%23072e3f\u00bb use_theme_fonts=\u00bbyes\u00bb][divider line_type=\u00bbNo Line\u00bb custom_height=\u00bb30&#8243;][vc_column_text]Calle Rios Rosas 54,<br \/>\nEsc A, 1\u00ba Izq 28002 Madrid.<\/p>\n<p><strong>Horario de atenci\u00f3n:<\/strong><br \/>\nViernes Tarde (16h-19h)<br \/>\n<strong>Tel\u00e9fono m\u00f3vil:<\/strong> 629 138 290<br \/>\n<strong>Tel\u00e9fono m\u00f3vil: <\/strong>675 896 538<br \/>\n<strong>Email:<\/strong> congreso.amtpfosh@gmail.com[\/vc_column_text][\/vc_column][vc_column column_padding=\u00bbno-extra-padding\u00bb column_padding_position=\u00bball\u00bb background_color_opacity=\u00bb1&#8243; background_hover_color_opacity=\u00bb1&#8243; column_link_target=\u00bb_self\u00bb column_shadow=\u00bbnone\u00bb column_border_radius=\u00bbnone\u00bb width=\u00bb1\/2&#8243; tablet_width_inherit=\u00bbdefault\u00bb tablet_text_alignment=\u00bbdefault\u00bb phone_text_alignment=\u00bbdefault\u00bb column_border_width=\u00bbnone\u00bb column_border_style=\u00bbsolid\u00bb bg_image_animation=\u00bbnone\u00bb][vc_custom_heading text=\u00bbEscr\u00edbenos\u00bb font_container=\u00bbtag:h2|text_align:left|color:%23072e3f\u00bb use_theme_fonts=\u00bbyes\u00bb][divider line_type=\u00bbNo Line\u00bb custom_height=\u00bb30&#8243;]\n<div class=\"wpcf7 no-js\" id=\"wpcf7-f14-o1\" lang=\"es-ES\" dir=\"ltr\">\n<div class=\"screen-reader-response\"><p role=\"status\" aria-live=\"polite\" aria-atomic=\"true\"><\/p> <ul><\/ul><\/div>\n<form action=\"\/v-congreso-iberico\/wp-json\/wp\/v2\/pages\/27#wpcf7-f14-o1\" method=\"post\" class=\"wpcf7-form init\" aria-label=\"Formulario de contacto\" novalidate=\"novalidate\" data-status=\"init\">\n<div style=\"display: none;\">\n<input type=\"hidden\" name=\"_wpcf7\" value=\"14\" \/>\n<input type=\"hidden\" name=\"_wpcf7_version\" value=\"5.7.7\" \/>\n<input type=\"hidden\" name=\"_wpcf7_locale\" value=\"es_ES\" \/>\n<input type=\"hidden\" name=\"_wpcf7_unit_tag\" value=\"wpcf7-f14-o1\" \/>\n<input type=\"hidden\" name=\"_wpcf7_container_post\" value=\"0\" \/>\n<input type=\"hidden\" name=\"_wpcf7_posted_data_hash\" value=\"\" \/>\n<\/div>\n<p><label> Tu nombre<br \/>\n<span class=\"wpcf7-form-control-wrap\" data-name=\"your-name\"><input size=\"40\" class=\"wpcf7-form-control wpcf7-text wpcf7-validates-as-required\" aria-required=\"true\" aria-invalid=\"false\" value=\"\" type=\"text\" name=\"your-name\" \/><\/span> <\/label>\n<\/p>\n<p><label> Tu correo electr\u00f3nico<br \/>\n<span class=\"wpcf7-form-control-wrap\" data-name=\"your-email\"><input size=\"40\" class=\"wpcf7-form-control wpcf7-text wpcf7-email wpcf7-validates-as-required wpcf7-validates-as-email\" aria-required=\"true\" aria-invalid=\"false\" value=\"\" type=\"email\" name=\"your-email\" \/><\/span> <\/label>\n<\/p>\n<p><label> Asunto<br \/>\n<span class=\"wpcf7-form-control-wrap\" data-name=\"your-subject\"><input size=\"40\" class=\"wpcf7-form-control wpcf7-text wpcf7-validates-as-required\" aria-required=\"true\" aria-invalid=\"false\" value=\"\" type=\"text\" name=\"your-subject\" \/><\/span> <\/label>\n<\/p>\n<p><label> Tu mensaje (opcional)<br \/>\n<span class=\"wpcf7-form-control-wrap\" data-name=\"your-message\"><textarea cols=\"40\" rows=\"10\" class=\"wpcf7-form-control wpcf7-textarea\" aria-invalid=\"false\" name=\"your-message\"><\/textarea><\/span> <\/label>\n<\/p>\n<p style=\"margin-top: 24px; color: #fff; font-size: 14px;\"><span class=\"wpcf7-form-control-wrap\" data-name=\"acceptance-916\"><span class=\"wpcf7-form-control wpcf7-acceptance\"><span class=\"wpcf7-list-item\"><label><input type=\"checkbox\" name=\"acceptance-916\" value=\"1\" aria-invalid=\"false\" \/><span class=\"wpcf7-list-item-label\">Consiento el tratamiento de mis datos seg\u00fan la <a href=\"https:\/\/amtpfosh.es\/politica-privacidad\/\"><u>pol\u00edtica de privacidad<\/u><\/a>.<\/span><\/label><\/span><\/span><\/span>\n<\/p>\n<p><input class=\"wpcf7-form-control has-spinner wpcf7-submit\" type=\"submit\" value=\"Enviar\" \/>\n<\/p>\n<p style=\"color: #999; font-size: 10px; text-align:justify; line-height:11px;\">En cumplimiento de lo dispuesto por la Ley Org\u00e1nica 15\/1999, de 13 de diciembre, de Protecci\u00f3n de Datos de Car\u00e1cter Personal (LOPD), el abajo firmante autoriza la incorporaci\u00f3n de sus datos en un fichero titularidad de la Asociaci\u00f3n Canaria de Terapia Familiar, alojado en Google Drive, cuya finalidad es la de la gesti\u00f3n, control, seguimiento y evaluaci\u00f3n de las acciones formativas y actividades organizadas por dicha asociaci\u00f3n. Le informamos que podr\u00e1 ejercer su derecho de acceso, rectificaci\u00f3n, cancelaci\u00f3n y oposici\u00f3n respecto a sus datos personales dirigi\u00e9ndose personalmente a la Federaci\u00f3n Espa\u00f1ola de Asociaciones de Terapia Familiar, cuya direcci\u00f3n es C\/ del Carmen 53,1\u00ba izquierda 30201 Cartagena.\n<\/p><div class=\"wpcf7-response-output\" aria-hidden=\"true\"><\/div>\n<\/form>\n<\/div>\n[\/vc_column][\/vc_row]\n","protected":false},"excerpt":{"rendered":"<p>[vc_row type=\u00bbin_container\u00bb full_screen_row_position=\u00bbmiddle\u00bb scene_position=\u00bbcenter\u00bb text_color=\u00bbdark\u00bb text_align=\u00bbleft\u00bb overlay_strength=\u00bb0.3&#8243; shape_divider_position=\u00bbbottom\u00bb bg_image_animation=\u00bbnone\u00bb][vc_column column_padding=\u00bbno-extra-padding\u00bb column_padding_position=\u00bball\u00bb background_color_opacity=\u00bb1&#8243; background_hover_color_opacity=\u00bb1&#8243; column_link_target=\u00bb_self\u00bb column_shadow=\u00bbnone\u00bb column_border_radius=\u00bbnone\u00bb width=\u00bb1\/2&#8243; tablet_width_inherit=\u00bbdefault\u00bb tablet_text_alignment=\u00bbdefault\u00bb phone_text_alignment=\u00bbdefault\u00bb column_border_width=\u00bbnone\u00bb column_border_style=\u00bbsolid\u00bb bg_image_animation=\u00bbnone\u00bb][vc_custom_heading text=\u00bbContacto\u00bb font_container=\u00bbtag:h2|text_align:left|color:%23072e3f\u00bb use_theme_fonts=\u00bbyes\u00bb][divider line_type=\u00bbNo Line\u00bb custom_height=\u00bb30&#8243;][vc_column_text]Calle Rios&#8230;<\/p>\n","protected":false},"author":3,"featured_media":0,"parent":0,"menu_order":0,"comment_status":"closed","ping_status":"closed","template":"","meta":{"footnotes":""},"class_list":["post-27","page","type-page","status-publish"],"_links":{"self":[{"href":"https:\/\/amtpfosh.es\/v-congreso-iberico\/wp-json\/wp\/v2\/pages\/27","targetHints":{"allow":["GET"]}}],"collection":[{"href":"https:\/\/amtpfosh.es\/v-congreso-iberico\/wp-json\/wp\/v2\/pages"}],"about":[{"href":"https:\/\/amtpfosh.es\/v-congreso-iberico\/wp-json\/wp\/v2\/types\/page"}],"author":[{"embeddable":true,"href":"https:\/\/amtpfosh.es\/v-congreso-iberico\/wp-json\/wp\/v2\/users\/3"}],"replies":[{"embeddable":true,"href":"https:\/\/amtpfosh.es\/v-congreso-iberico\/wp-json\/wp\/v2\/comments?post=27"}],"version-history":[{"count":10,"href":"https:\/\/amtpfosh.es\/v-congreso-iberico\/wp-json\/wp\/v2\/pages\/27\/revisions"}],"predecessor-version":[{"id":533,"href":"https:\/\/amtpfosh.es\/v-congreso-iberico\/wp-json\/wp\/v2\/pages\/27\/revisions\/533"}],"wp:attachment":[{"href":"https:\/\/amtpfosh.es\/v-congreso-iberico\/wp-json\/wp\/v2\/media?parent=27"}],"curies":[{"name":"wp","href":"https:\/\/api.w.org\/{rel}","templated":true}]}}

[vc_row type=»in_container» full_screen_row_position=»middle» scene_position=»center» text_color=»dark» text_align=»left» overlay_strength=»0.3&#8243; shape_divider_position=»bottom» bg_image_animation=»none»][vc_column column_padding=»no-extra-padding» column_padding_position=»all» background_color_opacity=»1&#8243; background_hover_color_opacity=»1&#8243; column_link_target=»_self» column_shadow=»none» column_border_radius=»none» width=»1/2&#8243; tablet_width_inherit=»default» tablet_text_alignment=»default» phone_text_alignment=»default» column_border_width=»none» column_border_style=»solid» bg_image_animation=»none»][vc_custom_heading text=»Contacto» font_container=»tag:h2|text_align:left|color:%23072e3f» use_theme_fonts=»yes»][divider line_type=»No Line» custom_height=»30&#8243;][vc_column_text]Calle Rios Rosas 54,<br />
Esc A, 1º Izq 28002 Madrid.</p>
<p><strong>Horario de atención:</strong><br />
Viernes Tarde (16h-19h)<br />
<strong>Teléfono móvil:</strong> 629 138 290<br />
<strong>Teléfono móvil: </strong>675 896 538<br />
<strong>Email:</strong> congreso.amtpfosh@gmail.com[/vc_column_text][/vc_column][vc_column column_padding=»no-extra-padding» column_padding_position=»all» background_color_opacity=»1&#8243; background_hover_color_opacity=»1&#8243; column_link_target=»_self» column_shadow=»none» column_border_radius=»none» width=»1/2&#8243; tablet_width_inherit=»default» tablet_text_alignment=»default» phone_text_alignment=»default» column_border_width=»none» column_border_style=»solid» bg_image_animation=»none»][vc_custom_heading text=»Escríbenos» font_container=»tag:h2|text_align:left|color:%23072e3f» use_theme_fonts=»yes»][divider line_type=»No Line» custom_height=»30&#8243;]
<div class="wpcf7 no-js" id="wpcf7-f14-o1" lang="es-ES" dir="ltr">
<div class="screen-reader-response"><p role="status" aria-live="polite" aria-atomic="true"></p> <ul></ul></div>
<form action="/v-congreso-iberico/wp-json/wp/v2/pages/27#wpcf7-f14-o1" method="post" class="wpcf7-form init" aria-label="Formulario de contacto" novalidate="novalidate" data-status="init">
<div style="display: none;">
<input type="hidden" name="_wpcf7" value="14" />
<input type="hidden" name="_wpcf7_version" value="5.7.7" />
<input type="hidden" name="_wpcf7_locale" value="es_ES" />
<input type="hidden" name="_wpcf7_unit_tag" value="wpcf7-f14-o1" />
<input type="hidden" name="_wpcf7_container_post" value="0" />
<input type="hidden" name="_wpcf7_posted_data_hash" value="" />
</div>
<p><label> Tu nombre<br />
<span class="wpcf7-form-control-wrap" data-name="your-name"><input size="40" class="wpcf7-form-control wpcf7-text wpcf7-validates-as-required" aria-required="true" aria-invalid="false" value="" type="text" name="your-name" /></span> </label>
</p>
<p><label> Tu correo electrónico<br />
<span class="wpcf7-form-control-wrap" data-name="your-email"><input size="40" class="wpcf7-form-control wpcf7-text wpcf7-email wpcf7-validates-as-required wpcf7-validates-as-email" aria-required="true" aria-invalid="false" value="" type="email" name="your-email" /></span> </label>
</p>
<p><label> Asunto<br />
<span class="wpcf7-form-control-wrap" data-name="your-subject"><input size="40" class="wpcf7-form-control wpcf7-text wpcf7-validates-as-required" aria-required="true" aria-invalid="false" value="" type="text" name="your-subject" /></span> </label>
</p>
<p><label> Tu mensaje (opcional)<br />
<span class="wpcf7-form-control-wrap" data-name="your-message"><textarea cols="40" rows="10" class="wpcf7-form-control wpcf7-textarea" aria-invalid="false" name="your-message"></textarea></span> </label>
</p>
<p style="margin-top: 24px; color: #fff; font-size: 14px;"><span class="wpcf7-form-control-wrap" data-name="acceptance-916"><span class="wpcf7-form-control wpcf7-acceptance"><span class="wpcf7-list-item"><label><input type="checkbox" name="acceptance-916" value="1" aria-invalid="false" /><span class="wpcf7-list-item-label">Consiento el tratamiento de mis datos según la <a href="https://amtpfosh.es/politica-privacidad/"><u>política de privacidad</u></a>.</span></label></span></span></span>
</p>
<p><input class="wpcf7-form-control has-spinner wpcf7-submit" type="submit" value="Enviar" />
</p>
<p style="color: #999; font-size: 10px; text-align:justify; line-height:11px;">En cumplimiento de lo dispuesto por la Ley Orgánica 15/1999, de 13 de diciembre, de Protección de Datos de Carácter Personal (LOPD), el abajo firmante autoriza la incorporación de sus datos en un fichero titularidad de la Asociación Canaria de Terapia Familiar, alojado en Google Drive, cuya finalidad es la de la gestión, control, seguimiento y evaluación de las acciones formativas y actividades organizadas por dicha asociación. Le informamos que podrá ejercer su derecho de acceso, rectificación, cancelación y oposición respecto a sus datos personales dirigiéndose personalmente a la Federación Española de Asociaciones de Terapia Familiar, cuya dirección es C/ del Carmen 53,1º izquierda 30201 Cartagena.
</p><div class="wpcf7-response-output" aria-hidden="true"></div>
</form>
</div>
[/vc_column][/vc_row]
