{"id":554,"date":"2022-10-27T14:12:05","date_gmt":"2022-10-27T14:12:05","guid":{"rendered":"https:\/\/amtpfosh.es\/v-congreso-iberico\/?page_id=554"},"modified":"2022-10-28T07:47:36","modified_gmt":"2022-10-28T07:47:36","slug":"inscripcion-cena-balu","status":"publish","type":"page","link":"https:\/\/amtpfosh.es\/v-congreso-iberico\/inscripcion-cena-balu\/","title":{"rendered":"Inscripci\u00f3n Cena &#8211; Viernes 11 de noviembre Bal\u00fa"},"content":{"rendered":"[vc_row type=\u00bbin_container\u00bb full_screen_row_position=\u00bbmiddle\u00bb scene_position=\u00bbcenter\u00bb text_color=\u00bbdark\u00bb text_align=\u00bbleft\u00bb overlay_strength=\u00bb0.3&#8243; shape_divider_position=\u00bbbottom\u00bb bg_image_animation=\u00bbnone\u00bb][vc_column column_padding=\u00bbno-extra-padding\u00bb column_padding_position=\u00bball\u00bb background_color_opacity=\u00bb1&#8243; background_hover_color_opacity=\u00bb1&#8243; column_link_target=\u00bb_self\u00bb column_shadow=\u00bbnone\u00bb column_border_radius=\u00bbnone\u00bb width=\u00bb1\/1&#8243; tablet_width_inherit=\u00bbdefault\u00bb tablet_text_alignment=\u00bbdefault\u00bb phone_text_alignment=\u00bbdefault\u00bb column_border_width=\u00bbnone\u00bb column_border_style=\u00bbsolid\u00bb bg_image_animation=\u00bbnone\u00bb][vc_custom_heading text=\u00bbInscr\u00edbete\u00bb font_container=\u00bbtag:h2|text_align:center|color:%23072e3f\u00bb use_theme_fonts=\u00bbyes\u00bb][vc_raw_html]JTNDcCUzRUVsJTIwcHJlY2lvJTIwZGVsJTIwJTNDYSUyMGhyZWYlM0QlMjJodHRwcyUzQSUyRiUyRmFtdHBmb3NoLmVzJTJGdi1jb25ncmVzby1pYmVyaWNvJTJGd3AtY29udGVudCUyRnVwbG9hZHMlMkYyMDIyJTJGMTAlMkZSRVNUQVVSQU5URV9CQUxVLU1FTlVfQ0VOQV8xMV9ERV9OT1ZJRU1CUkUucGRmJTIyJTIwdGFyZ2V0JTNEJTIyX2JsYW5rJTIyJTNFbWVuJUMzJUJBJTIwcGFyYSUyMGxhJTIwY2VuYSUzQyUyRmElM0UlMjBkZWwlMjB2aWVybmVzJTIwMTElMjBkZSUyMG5vdmllbWJyZSUyMGVuJTIwZWwlMjBSZXN0JUMzJUExdXJhdGUlMjBCYWwlQzMlQkElMjBkZSUyME1hZHJpZCUyMCUyOEMuJTIwZGUlMjBKb3MlQzMlQTklMjBCYXJkYXNhbm8lMjBCYW9zJTJDJTIwOSUyQyUyMDI4MDE2JTIwTWFkcmlkJTI5JTIwZWwlMjBwcmVjaW8lMjBlcyUyMGRlJTIwJTNDU1RST05HJTNFNDAlRTIlODIlQUMlM0MlMkZTVFJPTkclM0UlMjBwb3IlMjBwZXJzb25hLiUzQyUyRnAlM0U=[\/vc_raw_html]\n<div class=\"wpcf7 no-js\" id=\"wpcf7-f552-o1\" lang=\"es-ES\" dir=\"ltr\">\n<div class=\"screen-reader-response\"><p role=\"status\" aria-live=\"polite\" aria-atomic=\"true\"><\/p> <ul><\/ul><\/div>\n<form action=\"\/v-congreso-iberico\/wp-json\/wp\/v2\/pages\/554#wpcf7-f552-o1\" method=\"post\" class=\"wpcf7-form init\" aria-label=\"Formulario de contacto\" novalidate=\"novalidate\" data-status=\"init\">\n<div style=\"display: none;\">\n<input type=\"hidden\" name=\"_wpcf7\" value=\"552\" \/>\n<input type=\"hidden\" name=\"_wpcf7_version\" value=\"5.7.7\" \/>\n<input type=\"hidden\" name=\"_wpcf7_locale\" value=\"es_ES\" \/>\n<input type=\"hidden\" name=\"_wpcf7_unit_tag\" value=\"wpcf7-f552-o1\" \/>\n<input type=\"hidden\" name=\"_wpcf7_container_post\" value=\"0\" \/>\n<input type=\"hidden\" name=\"_wpcf7_posted_data_hash\" value=\"\" \/>\n<\/div>\n<input class=\"wpcf7-form-control wpcf7-hidden\" value=\"Inscripci\u00f3n cena Bal\u00fa\" type=\"hidden\" name=\"desc\" \/>\n<input class=\"wpcf7-form-control wpcf7-hidden\" value=\"40\" type=\"hidden\" name=\"c\" \/>\n<p><label> Tu nombre<br \/>\n<span class=\"wpcf7-form-control-wrap\" data-name=\"your-name\"><input size=\"40\" class=\"wpcf7-form-control wpcf7-text wpcf7-validates-as-required\" aria-required=\"true\" aria-invalid=\"false\" value=\"\" type=\"text\" name=\"your-name\" \/><\/span> <\/label>\n<\/p>\n<p><label>Apellidos<br \/>\n<span class=\"wpcf7-form-control-wrap\" data-name=\"apellidos\"><input size=\"40\" class=\"wpcf7-form-control wpcf7-text wpcf7-validates-as-required\" aria-required=\"true\" aria-invalid=\"false\" value=\"\" type=\"text\" name=\"apellidos\" \/><\/span> <\/label>\n<\/p>\n<p><label>DNI<br \/>\n<span class=\"wpcf7-form-control-wrap\" data-name=\"np\"><input size=\"40\" class=\"wpcf7-form-control wpcf7-text wpcf7-validates-as-required\" aria-required=\"true\" aria-invalid=\"false\" value=\"\" type=\"text\" name=\"np\" \/><\/span> <\/label>\n<\/p>\n<p><label> Tu correo electr\u00f3nico<br \/>\n<span class=\"wpcf7-form-control-wrap\" data-name=\"your-email\"><input size=\"40\" class=\"wpcf7-form-control wpcf7-text wpcf7-email wpcf7-validates-as-required wpcf7-validates-as-email\" aria-required=\"true\" aria-invalid=\"false\" value=\"\" type=\"email\" name=\"your-email\" \/><\/span> <\/label>\n<\/p>\n\n <!--<input class=\"wpcf7-form-control has-spinner wpcf7-submit\" type=\"submit\" value=\"Pagar\" \/>-->\n<p><strong class=\"nectar-button large regular regular-button\">Inscripciones Cerradas<\/strong>\n<\/p>\n<p style=\"color: #999; font-size: 10px; text-align:justify; line-height:11px;\">En cumplimiento de lo dispuesto por la Ley Org\u00e1nica 15\/1999, de 13 de diciembre, de Protecci\u00f3n de Datos de Car\u00e1cter Personal (LOPD), el abajo firmante autoriza la incorporaci\u00f3n de sus datos en un fichero titularidad de la Asociaci\u00f3n Canaria de Terapia Familiar, alojado en Google Drive, cuya finalidad es la de la gesti\u00f3n, control, seguimiento y evaluaci\u00f3n de las acciones formativas y actividades organizadas por dicha asociaci\u00f3n. Le informamos que podr\u00e1 ejercer su derecho de acceso, rectificaci\u00f3n, cancelaci\u00f3n y oposici\u00f3n respecto a sus datos personales dirigi\u00e9ndose personalmente a la Federaci\u00f3n Espa\u00f1ola de Asociaciones de Terapia Familiar, cuya direcci\u00f3n es C\/ del Carmen 53,1\u00ba izquierda 30201 Cartagena.\n<\/p><div class=\"wpcf7-response-output\" aria-hidden=\"true\"><\/div>\n<\/form>\n<\/div>\n[\/vc_column][\/vc_row]\n","protected":false},"excerpt":{"rendered":"<p>[vc_row type=\u00bbin_container\u00bb full_screen_row_position=\u00bbmiddle\u00bb scene_position=\u00bbcenter\u00bb text_color=\u00bbdark\u00bb text_align=\u00bbleft\u00bb overlay_strength=\u00bb0.3&#8243; shape_divider_position=\u00bbbottom\u00bb bg_image_animation=\u00bbnone\u00bb][vc_column column_padding=\u00bbno-extra-padding\u00bb column_padding_position=\u00bball\u00bb background_color_opacity=\u00bb1&#8243; background_hover_color_opacity=\u00bb1&#8243; column_link_target=\u00bb_self\u00bb column_shadow=\u00bbnone\u00bb column_border_radius=\u00bbnone\u00bb width=\u00bb1\/1&#8243; tablet_width_inherit=\u00bbdefault\u00bb tablet_text_alignment=\u00bbdefault\u00bb phone_text_alignment=\u00bbdefault\u00bb column_border_width=\u00bbnone\u00bb column_border_style=\u00bbsolid\u00bb bg_image_animation=\u00bbnone\u00bb][vc_custom_heading text=\u00bbInscr\u00edbete\u00bb font_container=\u00bbtag:h2|text_align:center|color:%23072e3f\u00bb use_theme_fonts=\u00bbyes\u00bb][vc_raw_html]JTNDcCUzRUVsJTIwcHJlY2lvJTIwZGVsJTIwJTNDYSUyMGhyZWYlM0QlMjJodHRwcyUzQSUyRiUyRmFtdHBmb3NoLmVzJTJGdi1jb25ncmVzby1pYmVyaWNvJTJGd3AtY29udGVudCUyRnVwbG9hZHMlMkYyMDIyJTJGMTAlMkZSRVNUQVVSQU5URV9CQUxVLU1FTlVfQ0VOQV8xMV9ERV9OT1ZJRU1CUkUucGRmJTIyJTIwdGFyZ2V0JTNEJTIyX2JsYW5rJTIyJTNFbWVuJUMzJUJBJTIwcGFyYSUyMGxhJTIwY2VuYSUzQyUyRmElM0UlMjBkZWwlMjB2aWVybmVzJTIwMTElMjBkZSUyMG5vdmllbWJyZSUyMGVuJTIwZWwlMjBSZXN0JUMzJUExdXJhdGUlMjBCYWwlQzMlQkElMjBkZSUyME1hZHJpZCUyMCUyOEMuJTIwZGUlMjBKb3MlQzMlQTklMjBCYXJkYXNhbm8lMjBCYW9zJTJDJTIwOSUyQyUyMDI4MDE2JTIwTWFkcmlkJTI5JTIwZWwlMjBwcmVjaW8lMjBlcyUyMGRlJTIwJTNDU1RST05HJTNFNDAlRTIlODIlQUMlM0MlMkZTVFJPTkclM0UlMjBwb3IlMjBwZXJzb25hLiUzQyUyRnAlM0U=[\/vc_raw_html][\/vc_column][\/vc_row]<\/p>\n","protected":false},"author":3,"featured_media":0,"parent":0,"menu_order":0,"comment_status":"closed","ping_status":"closed","template":"","meta":{"footnotes":""},"class_list":["post-554","page","type-page","status-publish"],"_links":{"self":[{"href":"https:\/\/amtpfosh.es\/v-congreso-iberico\/wp-json\/wp\/v2\/pages\/554","targetHints":{"allow":["GET"]}}],"collection":[{"href":"https:\/\/amtpfosh.es\/v-congreso-iberico\/wp-json\/wp\/v2\/pages"}],"about":[{"href":"https:\/\/amtpfosh.es\/v-congreso-iberico\/wp-json\/wp\/v2\/types\/page"}],"author":[{"embeddable":true,"href":"https:\/\/amtpfosh.es\/v-congreso-iberico\/wp-json\/wp\/v2\/users\/3"}],"replies":[{"embeddable":true,"href":"https:\/\/amtpfosh.es\/v-congreso-iberico\/wp-json\/wp\/v2\/comments?post=554"}],"version-history":[{"count":10,"href":"https:\/\/amtpfosh.es\/v-congreso-iberico\/wp-json\/wp\/v2\/pages\/554\/revisions"}],"predecessor-version":[{"id":571,"href":"https:\/\/amtpfosh.es\/v-congreso-iberico\/wp-json\/wp\/v2\/pages\/554\/revisions\/571"}],"wp:attachment":[{"href":"https:\/\/amtpfosh.es\/v-congreso-iberico\/wp-json\/wp\/v2\/media?parent=554"}],"curies":[{"name":"wp","href":"https:\/\/api.w.org\/{rel}","templated":true}]}}